220 (base 3) to base 8
-2150561
21a86 (base 15) to base 4
122013321
Convert -303651 (base 7) to base 9.
-78023
What is 1394166 (base 14) in base 13?
1c78114
Convert 32673142 (base 8) to base 9.
14223635
What is 51010543 (base 7) in base 11?
2435115
-65ab32 (base 12) to base 9
-3032132
cf167 (base 16) to base 12
34aa5b
What is -2435 (base 13) in base 15?
-17ae
What is 46650453 (base 8) in base 7?
152342655
What is -67205 (base 10) in base 9?
-112162
Convert 3b4ab (base 16) to base 14.
64711
114331003 (base 5) to base 8
2043644
What is -540042 (base 6) in base 15?
-d0e5
Convert -2a0343 (base 12) to base 15.
-de08c
What is 53021 (base 13) in base 8?
443657
114643614 (base 7) to base 6
413405440
1064341 (base 7) to base 5
13233403
-10010100110110100101 (base 2) to base 5
-124002301
What is -702519 (base 11) in base 4?
-10110002110
What is -d7ab (base 15) in base 8?
-131053
What is -b620b9 (base 12) in base 14?
-548229
Convert 12110212121 (base 3) to base 4.
122110120
Convert -224d30 (base 16) to base 3.
-11020012122200
Convert 9832a (base 14) to base 13.
cb856
-105a7a (base 12) to base 5
-31242011
Convert 203304 (base 9) to base 10.
120532
Convert -352224 (base 7) to base 12.
-30710
24460126 (base 7) to base 14
41374d
What is 1000110010011111101 (base 2) in base 13?
a1118
-4c102 (base 13) to base 4
-202113223
What is -210121221120 (base 3) in base 8?
-1477341
-202201020212 (base 3) to base 12
-177b28
What is -26034 (base 11) in base 4?
-21012321
What is -2100211112102 (base 3) in base 13?
-34cb86
Convert 420143320 (base 5) to base 16.
1a51a3
Convert -120946 (base 12) to base 13.
-a299c
-c160 (base 14) to base 16
-81b8
-223212345 (base 6) to base 4
-33203033021
Convert 8aa286 (base 12) to base 11.
1283750
340003 (base 10) to base 8
1230043
Convert -233112323 (base 4) to base 16.
-2f5bb
Convert 91949 (base 13) to base 12.
106b38
Convert -483ed (base 16) to base 6.
-10201553
Convert 110131201210 (base 4) to base 16.
51d864
What is -6b489 (base 12) in base 7?
-1140063
Convert 252b31 (base 14) to base 13.
3586ab
Convert 63653 (base 14) to base 7.
2016433
What is 49d1 (base 15) in base 2?
11110101101001
Convert -510155404 (base 6) to base 2.
-100001001010011011111100
What is e0186 (base 15) in base 7?
6012231
Convert 85b33b (base 13) to base 12.
1073a95
Convert 2304344023 (base 5) to base 11.
29aa598
Convert 49694 (base 14) to base 6.
3503442
Convert 52406650 (base 7) to base 5.
2113011003
1493194 (base 10) to base 2
101101100100011001010
Convert -10a8835 (base 13) to base 5.
-2303201031
-8da341 (base 14) to base 2
-10010011011001110000101
-17dea0 (base 15) to base 6
-40514353
Convert -2a4bb (base 14) to base 2.
-11001101100000101
Convert -42b67 (base 14) to base 15.
-32c4e
Convert 62488 (base 16) to base 7.
3264445
Convert 201102220012011 (base 3) to base 9.
21386164
-343589 (base 14) to base 12
-718071
Convert 92e82 (base 16) to base 5.
123223410
Convert -144899 (base 11) to base 10.
-226015
Convert 1602858 (base 9) to base 4.
3120301112
Convert 101000011010100100111010 (base 2) to base 13.
226c408
Convert -14692 (base 13) to base 12.
-1a32a
265380 (base 10) to base 13
93a3b
1278702 (base 11) to base 13
5c3b00
Convert -74337 (base 9) to base 12.
-24514
Convert -1a72a11 (base 12) to base 11.
-31a173a
17e9a (base 16) to base 6
2033242
What is 24023331 (base 6) in base 3?
1102002121201
Convert -541007 (base 8) to base 3.
-100011221012
What is -5265017 (base 8) in base 14?
-287635
Convert -2800 (base 14) to base 6.
-52400
What is -1747624 (base 11) in base 7?
-34136516
-111110101110000100011 (base 2) to base 8
-7656043
Convert 10001001011000 (base 2) to base 13.
4004
-10203121 (base 4) to base 3
-221120201
What is -3406785 (base 9) in base 4?
-13000020101
What is -10100101101101 (base 2) in base 8?
-24555
-121341432 (base 6) to base 14
-44395a
What is -399bb14 (base 12) in base 14?
-172c316
-41004312 (base 5) to base 4
-1100100003
What is -1211110120201 (base 3) in base 15?
-143744
-6650 (base 8) to base 2
-110110101000
Convert -31002002002 (base 4) to base 3.
-20102120010201
Convert 31122 (base 10) to base 2.
111100110010010
13636b (base 13) to base 15
94739
-cd6f (base 16) to base 2
-1100110101101111
What is -6520ba (base 14) in base 13?
-92ba48
What is -51098 (base 10) in base 8?
-143632
What is 21020122000 (base 3) in base 11?
9816a
6d7875 (base 14) to base 13
a127c7
What is 11111110001001101 (base 2) in base 11?
89846
Convert -222112000221 (base 3) to base 6.
-15104341
-32131111 (base 4) to base 7
-334441
What is 8ba9ab (base 15) in base 6?
354525255
-1354d (base 16) to base 12
-399a5
Convert -21022201201 (base 3) to base 2.
-100011001100010001
-a9472 (base 14) to base 11
-25a931
-13600 (base 9) to base 2
-10010000010010
-2311215 (base 6) to base 7
-1001465
Convert 1122032303 (base 4) to base 8.
1321663
733a1 (base 16) to base 6
14041013
Convert -566612 (base 7) to base 2.
-11000100111000010
What is 190758 (base 12) in base 15?
89522
What is -9f70d (base 16) in base 14?
-12dddb
982549 (base 11) to base 7
16225663
What is 15282 (base 13) in base 11?
28055
Convert -7522514 (base 8) to base 10.
-2008396
What is 10100100101101101110 (base 2) in base 11?
420987
Convert -52685 (base 10) to base 5.
-3141220
Convert -23104431 (base 5) to base 11.
-131470
587861 (base 9) to base 6
11324431
Convert 2d4308 (base 14) to base 16.
1835c4
24202342 (base 5) to base 11
144341
Convert -35255552 (base 7) to base 14.
-5ac162
Convert -201012202220012 (base 3) to base 5.
-10103223102
-46fa8 (base 16) to base 5
-33300403
-13211300 (base 4) to base 10
-31088
What is -111202010020 (base 3) in base 15?
-55266
What is 1a3678 (base 11) in base 5?
34443030
What is 14134115 (base 7) in base 2?
101000010001010011110
Convert 1414244 (base 5) to base 14.
a988
Convert 31525154 (base 6) to base 7.
10616464
-10030010 (base 5) to base 3
-11001202011
2210111311 (base 4) to base 13
1a7511
What is 16553376 (base 8) in base 15?
512851
What is 5a0830 (base 13) in base 14?
3db20a
Convert 46443420 (base 7) to base 16.
3e3a39
46657306 (base 8) to base 13
2156871
-24102144 (base 5) to base 9
-367680
1abcb (base 15) to base 3
11102101202
What is 2abb397 (base 13) in base 12?
470b525
Convert 145e9 (base 15) to base 12.
31a79
Convert -1599673 (base 10) to base 5.
-402142143
Convert -26605076 (base 8) to base 9.
-12203321
What is 2262372 (base 8) in base 14?
12052a
What is 83266 (base 14) in base 15?
63997
Convert -26314344 (base 7) to base 11.
-13a4753
Convert -202001000020 (base 4) to base 16.
-881008
What is -1120213303 (base 4) in base 7?
-3041203
Convert 2d5dc1 (base 15) to base 11.
1270592
-7375 (base 13) to base 11
-1100a
Convert -a7230 (base 13) to base 11.
-19646a
What is 340800 (base 9) in base 4?
301310013
Convert a8594d (base 16) to base 6.
1032250141
Convert 1110000110010110 (base 2) to base 8.
160626
What is -21eb6b (base 15) in base 10?
-1619201
-31373541 (base 8) to base 15
-8beeca
What is -10034210 (base 6) in base 8?
-1054136
Convert 3145205 (base 7) to base 14.
9ccac
Convert d0ca (base 16) to base 2.
1101000011001010
Convert -232016 (base 11) to base 6.
-11522544
Convert -14331281 (base 9) to base 16.
-6c6fdf
Convert -1202120120002 (base 3) to base 15.
-1376e8
-156513343 (base 7) to base 11
-6032093
a52066 (base 16) to base 8
51220146
What is -2167bb (base 13) in base 4?
-2333310002
38534 (base 12) to base 3
10220100011
-117ac7 (base 16) to base 4
-10113223013
Convert -182b37b (base 12) to base 9.
-10427315
Convert -1502356 (base 11) to base 13.
-6c4390
384789 (base 10) to base 14
a032d
Convert -103300123 (base 4) to base 10.
-80923
What is 33321321 (base 5) in base 2?
1000111010011110110
What is 210030101232 (base 4) in base 2?
100100001100010001101110
Convert -28143 (base 13) to base 16.
-124aa
What is 687621 (base 9) in base 10?
412390
1021002111022 (base 3) to base 16
a3d3f
What is -4073701 (base 10) in base 5?
-2020324301
Convert -79ba (base 13) to base 5.
-1021203
Convert 101102111100 (base 4) to base 10.
4531536
What is -120001200120 (base 3) in base 15?
-5cca0
What is 137407 (base 10) in base 12?
67627
-10241332331 (base 5) to base 3
-202111002121002
What is -1b7dc8 (base 14) in base 11?
-61104a
What is -385259 (base 10) in base 3?
-201120110212
Convert 4010512 (base 